*3 - 25*b**2 - 7*b - 176. Let q be w(-25). Suppose u = -0 - 4. What is the units digit of 89 + q*(-2)/8*u?
8
Let x(h) = 1037*h**2 - 118*h - 852. What is the thousands digit of x(-7)?
0
Let n(u) = 3*u**2 + 6. Let c be n(0). Suppose -c*a = -8*a + 20. What is the units digit of a/(-30) + 286/3?
5
Suppose -11*m + 59 = 4. Suppose m*w + 13 = 23. What is the units digit of w?
2
Let h(q) be the third derivative of 7*q**6/120 - 5*q**4/24 + 11*q**3/6 + 5*q**2. What is the units digit of h(3)?
5
Let m(a) = 176*a**2 + 27*a - 449. What is the hundreds digit of m(9)?
0
Let n = -693 - -7994. What is the tens digit of n?
0
Let f(u) = -u**3 + 12*u**2 + 15*u - 20. Let a be f(13). Suppose -5*x - 4*s = -47, -x = 10*s - a*s - 3. Suppose 0 = x*w + w - 1872. What is the tens digit of w?
5
Let j be (-2 + (111/15 - 5))*10. What is the tens digit of 13/2*100/(j/4)?
5
What is the units digit of (9 - 3)*(-14)/(-28)*2311?
3
Let v(u) = u**2 - 7*u + 8. Let t be v(6). Suppose 169 = t*o - 441. What is the units digit of o?
5
Suppose -5*x = -5*l - 3020, 5*x - 1196 = 3*x - 4*l. Let w = -340 + x. What is the tens digit of w?
6
Let o(t) be the first derivative of 14*t**3/3 - 8*t**2 + 26*t + 44. What is the tens digit of o(4)?
8
Let s(a) be the second derivative of 8*a**3/3 - 23*a**2 - 65*a. What is the hundreds digit of s(13)?
1
Let c(d) = d**3 + 2*d**2 - 7*d - 6. Let k be c(-3). Let p be ((-4)/k)/(56/8988). Let g = p + 340. What is the units digit of g?
3
Suppose -7*h - 2 = -16. Suppose 3*w = -h*t - 0*w + 1140, 2280 = 4*t + 2*w. What is the units digit of t?
0
Suppose 2*y - 14735 = y + f, -2*y + 3*f = -29461. What is the hundreds digit of y?
7
Let v(m) = 37*m**2 - 8*m - 400. What is the hundreds digit of v(-17)?
4
Let u = 4029 + -1533. Suppose 2*j - 5*j = -u. Suppose -10*q + 18 = -j. What is the tens digit of q?
8
Let r(i) = -i**3 - 15*i**2 - 16*i - 26. Let o be r(-14). Let c be (-26)/6*(-1 - o - 0). What is the units digit of -1*1*(c + -15) - -23?
5
Let c(n) = -14*n**3 - 68*n**2 + 24*n + 16. What is the ten thousands digit of c(-20)?
8
Suppose 0 = -3*j - 4*j. Let p(c) = -6*c + 8. Let x be p(j). What is the tens digit of (-6)/x - 215/(-4)?
5
Let n(a) = 2344*a + 5033. What is the tens digit of n(14)?
4
Suppose 21*v - 13*v = -16. What is the hundreds digit of (1197/(-105))/(v/70)?
3
Suppose 8*w + 12 = 20*w. What is the hundreds digit of 345*22/55 - (-1 + w)?
1
What is the hundreds digit of (-4 - 3440/(-10))/((-6)/(-9))?
5
Let a(y) = 399*y**2 - 103*y - 51. What is the hundreds digit of a(-6)?
9
Suppose 1297 = 3*l - 7482 - 344. What is the units digit of l?
1
Let x(h) = -2*h**3 - 4*h**2 - 4*h - 26. Let n be x(-9). Suppose -i - 750 = -3*i + 5*d, 3*i + 2*d - n = 0. What is the tens digit of i?
8
Let g be (-6 - 6)*94/6. Let m(x) = -3*x**2 - 4*x - 2. Let d be m(6). Let s = d - g. What is the units digit of s?
4
Suppose 929*a = 904*a + 54500. What is the tens digit of a?
8
Let l(t) = -t**3 - 4*t**2 + 6*t + 3. Let u = -92 + 162. Let w = u + -76. What is the tens digit of l(w)?
3
Let j(d) = d**3 + 2*d**2 - 10*d - 3. Let k be j(-4). Suppose -3*c + 2*c - k*f + 143 = 0, c - 134 = 4*f. What is the hundreds digit of 0 + c + 3/(-1)?
1
Let g = 16332 - -27558. What is the hundreds digit of g?
8
Let d = -8464 + 15653. What is the units digit of d?
9
Let a be -5 + 2 - 30/(-18)*3. Suppose i + 28 = a*i + 4*w, -5*w - 30 = -2*i. What is the tens digit of i?
2
Suppose 19*k = 12*k + 42. Suppose 0 = -k*a - 0 + 30. Suppose -206 = -a*p + 374. What is the tens digit of p?
1
Let b be -1 + (-6 - (-2 - 1)). Let x = 1 - b. Suppose 2*y - x*f = 170, 2*y - 158 + 2 = -2*f. What is the tens digit of y?
8
Suppose 7*z - 45240 = z - 2*y, 5*y - 30 = 0. What is the thousands digit of z?
7
Let u = -1145 + 933. Let i = 337 + 145. Let q = i + u. What is the tens digit of q?
7
Suppose 52*k = -192*k - 12*k + 1719808. What is the units digit of k?
8
Suppose -2*l + 4*p + 33726 = 0, 2*l + 5*p + 50594 = 5*l. What is the thousands digit of l?
6
Let p be -2 + 4478*(2/4 - -2). Suppose 38*o - 17*o - p = 0. What is the units digit of o?
3
Let a(w) = 5*w + 47. Let p be a(-10). What is the tens digit of (6 + -3)/(p/(-497))?
9
Let z be -1*(-2 - (-7 + 4)). Let b be z + (2 - -38) - -4. Let u = b - 0. What is the units digit of u?
3
Let o(n) = -79*n - 18. Let a(j) = -j**2 + j - 27. Let k be a(0). Let c be o(k). Suppose c = 9*q - 0*q. What is the hundreds digit of q?
2
Let y(f) = 8 + 53*f - 23*f - 22*f - 17*f + 99*f**2. What is the tens digit of y(2)?
8
Suppose -8*t = 314 - 82. Let n = t + 33. What is the tens digit of (-6)/(-36)*3 - (-190)/n?
4
Let k(q) = -27*q - 12. Let t be k(-2). Let f(m) = -t*m**2 + 90*m**2 - 45*m**2 - 39*m - 6. What is the units digit of f(17)?
8
Suppose -2*z + 2*f + 288 = 0, -266 - 134 = -3*z - 5*f. Let l = -82 + z. Suppose -104 = -59*b + l*b. What is the tens digit of b?
0
Suppose 2*x - 4*h - 8 = 0, 7*x - 10 = 3*x + 2*h. Suppose x*w = 10*w - 168. Let d = w - 1. What is the tens digit of d?
2
Suppose 104*h = 97*h + 217. Let a(t) = -t**2 + 42*t + 69. What is the units digit of a(h)?
0
Suppose g = 4*k + 12145, 0 = -3*g - 2*g + k + 60630. What is the hundreds digit of g?
1
Let j(x) = x**3 - 32*x**2 + 31*x + 5. Let g be j(31). Suppose 2*v - 1315 = -5*t, -g*v + 1350 = 5*t - 10*v. What is the hundreds digit of t?
2
Let j = 539 - 529. Suppose j*c = c + 5202. What is the units digit of c?
8
Suppose 20920 + 7550 = 6*a. Suppose 15*z - a = 400. What is the units digit of z?
3
What is the units digit of 7239 + 0/(-2)*((-48)/(-8) + -5)?
9
Let q = -285 - -1609. What is the units digit of -4 + 1 + 1 + q/4?
9
Let y = 3236 + 8056. What is the ten thousands digit of y?
1
What is the hundreds digit of (-252)/((36/243)/(152/(-12) - -4))?
7
Let t(k) = 24*k**2 - 27*k + 109. Let n(h) = 38*h**2 - 41*h + 163. Let p(c) = -5*n(c) + 8*t(c). What is the hundreds digit of p(19)?
5
Suppose 5*r = -c - 112 - 30, -4*r - 120 = 4*c. Let a be (-16)/r*14/2. Suppose -183 = -2*f + w, -a*w + 377 - 29 = 4*f. What is the tens digit of f?
9
Suppose -20 = -5*c, 374*h - 376*h - 3*c + 20142 = 0. What is the hundreds digit of h?
0
Let d(c) = 3*c**3 + 14*c**2 + 36*c - 598. What is the hundreds digit of d(17)?
7
Let o = -100 + 100. Suppose -4*n - 4*u + 21 + 3 = o, -n - 5*u = -14. Suppose -3*i - 315 = -3*s, -6 - 2 = n*i. What is the tens digit of s?
0
Let r = -53 + 56. Let v be 6*6/27*r + 0. Suppose 90 + 189 = 3*k + h, 4*k + v*h - 380 = 0. What is the tens digit of k?
9
Let m(a) = 2*a + 1. Let n(x) = 42*x - 39. Let s(y) = -2*m(y) + n(y). What is the units digit of s(13)?
3
Let o = -7 + 11. Let x = -1064 - -1099. Suppose 263 = o*n + x. What is the tens digit of n?
5
Suppose 3*l - 9 + 15 = 0. Let w(j) = 93*j**2 - 10*j - 26. What is the hundreds digit of w(l)?
3
Suppose 4*d = 9224 + 28328. What is the thousands digit of d?
9
Suppose -17*x = -20*x + 84. Let v = 1 - x. Let t = 103 + v. What is the tens digit of t?
7
Suppose 5*g + 3*a = 2*g - 15, 3*a = 3*g + 27. Let s(z) be the second derivative of z**4/12 + 4*z**3/3 + 9*z**2/2 + z. What is the units digit of s(g)?
2
Let n(m) = 3*m**2 + 284*m + m**3 - 2 - 286*m + 3. Let h be n(-2). What is the tens digit of ((-1)/h)/(7/(-42))*90?
6
Let b(d) = -d - 1. Let h be b(-5). Suppose 5*y + 4 = -h*j - 9, 4*y + 4*j = -12. What is the units digit of ((-10)/25)/y + (-786)/(-10)?
9
Suppose -408204 = -30*w - 6*w. What is the tens digit of w?
3
What is the tens digit of -7 + 35/(-10)*-1492?
1
What is the tens digit of 49973/2 - ((-315)/(-42) - 4)?
8
Suppose -29*c + 54965 = -48594. What is the thousands digit of c?
3
Suppose -4*d + 3*u = 8*u - 12004, 0 = 2*d + 2*u - 6000. What is the tens digit of d?
9
Let d be 1851 + 7 + (-1 - (0 + 2)). Suppose -d = 27*h - 20485. What is the units digit of h?
0
Let r(u) = -u**2 - 25*u - 97. Let x be r(-11). Suppose 6*m - 3*m + 3*k + 63 = 0, 30 = -m + 2*k. Let p = m + x. What is the units digit of p?
3
Let g be -3 + 8 + -16 + 7. What is the tens digit of (-1037)/(-8) + g + 140/32?
3
What is the ten thousands digit of 21/(21/2)*21422/4?
1
Suppose -12 = -4*q, -4*a - q + 48 = -a. Let t(s) = -s**3 + 5*s**2 + 32 + 7*s + 10*s**2 + 3. What is the hundreds digit of t(a)?
1
Suppose 5*q - 3*v + 1504 = 7*q, 5*v - 2255 = -3*q. Let k = 1303 - q. What is the tens digit of k?
4
Let h(m) be the second derivative of m**6/